{"id":1362,"date":"2023-12-20T20:10:34","date_gmt":"2023-12-20T19:10:34","guid":{"rendered":"https:\/\/ceippedrosanchezciruelo.catedu.es\/?page_id=1362"},"modified":"2025-03-15T20:42:55","modified_gmt":"2025-03-15T19:42:55","slug":"suscripcion-a-las-noticias-de-la-web","status":"publish","type":"page","link":"https:\/\/ceippedrosanchezciruelo.catedu.es\/?page_id=1362","title":{"rendered":"SUSCR\u00cdBETE A NUESTRA WEB"},"content":{"rendered":"\t\t\t<script type=\"text\/javascript\">\n\t\t\t\tif( typeof(window.icegram) === 'undefined'){\n\t\t\t\t\t\t\t\t}\n\t\t\t<\/script>\n\t\t\t\n\t\t\t<script type=\"text\/javascript\">\n\t\t\t\tjQuery( function () { \n\t\t\t\t\tvar form_id = 3;\n\t\t\t\t\t\n\t\t\t\t\tvar es_message_id = \"es\" + form_id ;\n\t\t\t\t\tvar message = '<h3 style=\\\"text-align: center;\\\">Gracias por suscribirte a nuestra WEB<\/h3>';\n\t\t\t\t\t\n\t\t\t\t\tes_pre_data.ajax_url = 'https:\/\/ceippedrosanchezciruelo.catedu.es\/wp-admin\/admin-ajax.php';\n\t\t\t\t\tes_pre_data.messages[0].form_html = `<div class=\"emaillist\" id=\"es_form_f3-n1\"><form action=\"\/index.php?rest_route=%2Fwp%2Fv2%2Fpages%2F1362#es_form_f3-n1\" method=\"post\" class=\"es_subscription_form es_shortcode_form \" id=\"es_subscription_form_69dfc32d5a86d\" data-source=\"ig-es\" data-form-id=\"3\"><input type=\"hidden\" name=\"esfpx_form_id\" value=\"3\" \/><input type=\"hidden\" name=\"esfpx_lists[]\" value=\"390b48fabbb8\" \/><input type=\"hidden\" name=\"es\" value=\"subscribe\" \/>\n\t\t\t<input type=\"hidden\" name=\"esfpx_es_form_identifier\" value=\"f3-n1\" \/>\n\t\t\t<input type=\"hidden\" name=\"esfpx_es_email_page\" value=\"1362\" \/>\n\t\t\t<input type=\"hidden\" name=\"esfpx_es_email_page_url\" value=\"https:\/\/ceippedrosanchezciruelo.catedu.es\/?page_id=1362\" \/>\n\t\t\t<input type=\"hidden\" name=\"esfpx_status\" value=\"Unconfirmed\" \/>\n\t\t\t<input type=\"hidden\" name=\"esfpx_es-subscribe\" id=\"es-subscribe-69dfc32d5a86d\" value=\"adddc69e80\" \/>\n\t\t\t<label style=\"position:absolute;top:-99999px;left:-99999px;z-index:-99\" aria-hidden=\"true\"><span hidden>Por favor, deja este campo vac\u00edo.<\/span><input type=\"email\" name=\"esfpx_es_hp_email\" class=\"es_required_field\" tabindex=\"-1\" autocomplete=\"-1\" value=\"\" \/><\/label><style>form.es_subscription_form[data-form-id=\"3\"] * { box-sizing: border-box; } body {margin: 0;}#ijqit{background-color:#8c12e9;}form[data-form-id=\"3\"] .es-form-field-container .gjs-row{display:flex;justify-content:flex-start;align-items:stretch;flex-wrap:nowrap;}form[data-form-id=\"3\"] .es-form-field-container .gjs-cell{flex-grow:1;flex-basis:100%;}form[data-form-id=\"3\"] .es-form-field-container .gjs-cell[data-highlightable=\"1\"]:empty{border-top-width:1px;border-right-width:1px;border-bottom-width:1px;border-left-width:1px;border-top-style:dashed;border-right-style:dashed;border-bottom-style:dashed;border-left-style:dashed;border-top-color:rgb(204, 204, 204);border-right-color:rgb(204, 204, 204);border-bottom-color:rgb(204, 204, 204);border-left-color:rgb(204, 204, 204);border-image-source:initial;border-image-slice:initial;border-image-width:initial;border-image-outset:initial;border-image-repeat:initial;height:30px;}form[data-form-id=\"3\"] .es-form-field-container .gjs-row .gjs-cell input[type=\"checkbox\"], form[data-form-id=\"3\"] .es-form-field-container .gjs-row .gjs-cell input[type=\"radio\"]{margin-top:0px;margin-right:5px;margin-bottom:0px;margin-left:0px;width:auto;}form[data-form-id=\"3\"] .es-form-field-container .gjs-row{margin-bottom:0.6em;}form[data-form-id=\"3\"] .es-form-field-container label.es-field-label{display:block;}@media (max-width: 320px){form[data-form-id=\"3\"] .es-form-field-container{padding-top:1rem;padding-right:1rem;padding-bottom:1rem;padding-left:1rem;}}<\/style><div class=\"es-form-field-container\"><div class=\"gjs-row\"><div class=\"gjs-cell\"><label for=\"esfpx_name_f956f8bbe630f\" class=\"es-field-label\">Nombre<\/label><input type=\"text\" name=\"esfpx_name\" autocomplete=\"off\" placeholder=\"Enter your name\" class=\"es-name\" id=\"esfpx_name_f956f8bbe630f\" \/><\/div><\/div><div class=\"gjs-row\"><div class=\"gjs-cell\"><label for=\"esfpx_email_f956f8bbe630f\" class=\"es-field-label\">Email<\/label><input type=\"email\" required class=\"es-email\" name=\"esfpx_email\" autocomplete=\"off\" placeholder=\"Enter your email\" id=\"esfpx_email_f956f8bbe630f\" \/><\/div><\/div><div class=\"gjs-row\"><div class=\"gjs-cell\"><input type=\"submit\" name=\"submit\" value=\"Suscribirse\" required id=\"ijqit\" \/><\/div><\/div><\/div><span class=\"es_spinner_image\" id=\"spinner-image\"><img decoding=\"async\" src=\"https:\/\/ceippedrosanchezciruelo.catedu.es\/wp-content\/plugins\/email-subscribers\/lite\/public\/images\/spinner.gif\" alt=\"Loading\" \/><\/span><\/form><span class=\"es_subscription_message \" id=\"es_subscription_message_69dfc32d5a86d\" role=\"alert\" aria-live=\"assertive\"><\/span><\/div>`;\n\t\t\t\t\tes_pre_data.messages[0].id = es_pre_data.messages[0].campaign_id = es_message_id;\n\t\t\t\t\tes_pre_data.messages[0].label = \"\";\n\t\t\t\t\tes_pre_data.messages[0].message = message;\n\t\t\t\t\t\n\t\t\t\t\tvar es_data = es_pre_data;\n\t\t\t\t\t\n\t\t\t\t\tif( typeof(window.icegram) === 'undefined'){\n\t\t\t\t\t\twindow.icegram = new Icegram();\n\t\t\t\t\t\twindow.icegram.init( es_data );\n\t\t\t\t\t} \n\t\t\t\t\t\n\t\t\t\t\tjQuery( window ).on( \"preinit.icegram\", function( e, data ) {\n\t\t\t\t\t\tvar icegram_data = es_data['messages'].concat(data['messages']);\n\t\t\t\t\t\tdata.messages = icegram_data;\n\t\t\t\t\t});\n\n\t\t\t\t});\n\t\t\t<\/script>\n\t\t\t\n\n\n\n<p class=\"has-text-align-center\">Suscr\u00edbete a nuestra WEB  y estar\u00e1s al d\u00eda de todas las  novedades que publiquemos.<\/p>\n\n\n\n<p class=\"has-text-align-center\">Date prisa, te estamos esperando.<\/p>\n\n\n\n<p class=\"has-text-align-center\">Busca en el lateral: SUSCR\u00cdBETE A NUESTRA WEB. <\/p>\n\n\n\n<figure class=\"wp-block-image size-large\"><img loading=\"lazy\" decoding=\"async\" width=\"577\" height=\"153\" src=\"https:\/\/ceippedrosanchezciruelo.catedu.es\/wp-content\/uploads\/sites\/78\/2024\/01\/Captura-de-pantalla-2024-01-05-a-las-21.36.56-1-577x153.png\" alt=\"\" class=\"wp-image-1513\" srcset=\"https:\/\/ceippedrosanchezciruelo.catedu.es\/wp-content\/uploads\/sites\/78\/2024\/01\/Captura-de-pantalla-2024-01-05-a-las-21.36.56-1-577x153.png 577w, https:\/\/ceippedrosanchezciruelo.catedu.es\/wp-content\/uploads\/sites\/78\/2024\/01\/Captura-de-pantalla-2024-01-05-a-las-21.36.56-1-300x79.png 300w, https:\/\/ceippedrosanchezciruelo.catedu.es\/wp-content\/uploads\/sites\/78\/2024\/01\/Captura-de-pantalla-2024-01-05-a-las-21.36.56-1-768x203.png 768w, https:\/\/ceippedrosanchezciruelo.catedu.es\/wp-content\/uploads\/sites\/78\/2024\/01\/Captura-de-pantalla-2024-01-05-a-las-21.36.56-1-1536x406.png 1536w, https:\/\/ceippedrosanchezciruelo.catedu.es\/wp-content\/uploads\/sites\/78\/2024\/01\/Captura-de-pantalla-2024-01-05-a-las-21.36.56-1-555x147.png 555w, https:\/\/ceippedrosanchezciruelo.catedu.es\/wp-content\/uploads\/sites\/78\/2024\/01\/Captura-de-pantalla-2024-01-05-a-las-21.36.56-1.png 1876w\" sizes=\"auto, (max-width: 577px) 100vw, 577px\" \/><\/figure>\n\n\n\n<p><\/p>\n\n\n\n<p class=\"has-text-align-center\">Introduce los campos y ya lo tendr\u00edas.<\/p>\n\n\n\n<p><\/p>\n\n\n\n<p class=\"has-text-align-center\">Al suscribirte, te llegar\u00e1 al correo electr\u00f3nico proporcionado,  una notificaci\u00f3n en ingl\u00e9s como esta:<\/p>\n\n\n\n<figure class=\"wp-block-image size-large is-resized\"><img loading=\"lazy\" decoding=\"async\" width=\"577\" height=\"691\" src=\"https:\/\/ceippedrosanchezciruelo.catedu.es\/wp-content\/uploads\/sites\/78\/2024\/01\/IMG_4007-577x691.png\" alt=\"\" class=\"wp-image-1505\" style=\"width:840px;height:auto\" srcset=\"https:\/\/ceippedrosanchezciruelo.catedu.es\/wp-content\/uploads\/sites\/78\/2024\/01\/IMG_4007-577x691.png 577w, https:\/\/ceippedrosanchezciruelo.catedu.es\/wp-content\/uploads\/sites\/78\/2024\/01\/IMG_4007-251x300.png 251w, https:\/\/ceippedrosanchezciruelo.catedu.es\/wp-content\/uploads\/sites\/78\/2024\/01\/IMG_4007-768x919.png 768w, https:\/\/ceippedrosanchezciruelo.catedu.es\/wp-content\/uploads\/sites\/78\/2024\/01\/IMG_4007-555x664.png 555w, https:\/\/ceippedrosanchezciruelo.catedu.es\/wp-content\/uploads\/sites\/78\/2024\/01\/IMG_4007.png 1095w\" sizes=\"auto, (max-width: 577px) 100vw, 577px\" \/><\/figure>\n\n\n\n<p><\/p>\n\n\n\n<p>Traducci\u00f3n:<\/p>\n\n\n\n<p class=\"has-text-align-center\">Hola<\/p>\n\n\n\n<p class=\"has-text-align-center\">S\u00f3lo quer\u00eda enviarte una nota r\u00e1pida&#8230;<\/p>\n\n\n\n<p class=\"has-text-align-center\">Gracias por unirte a  nuestra WEB<\/p>\n\n\n\n<p class=\"has-text-align-center\">S\u00f3lo enviaremos correos electr\u00f3nicos valiosos. \u00a1Lo prometemos!<\/p>\n\n\n\n<p class=\"has-text-align-center\">\u00a1GRACIAS!<\/p>\n\n\n\n<p class=\"has-text-align-center\">DE ESTA FORMA ESTAR\u00c1S AL TANTO DE LAS NUEVAS NOTIFICACIONES<\/p>\n","protected":false},"excerpt":{"rendered":"<p>Suscr\u00edbete a nuestra WEB y estar\u00e1s al d\u00eda de todas las novedades que publiquemos. Date prisa, te estamos esperando. Busca en el lateral: SUSCR\u00cdBETE A NUESTRA WEB. Introduce los campos y ya lo tendr\u00edas. Al suscribirte, te llegar\u00e1 al correo electr\u00f3nico proporcionado, una notificaci\u00f3n en ingl\u00e9s como esta: Traducci\u00f3n: Hola S\u00f3lo quer\u00eda enviarte una nota &hellip; <\/p>\n<p><a class=\"more-link btn\" href=\"https:\/\/ceippedrosanchezciruelo.catedu.es\/?page_id=1362\">Seguir leyendo<\/a><\/p>\n","protected":false},"author":237,"featured_media":0,"parent":0,"menu_order":0,"comment_status":"closed","ping_status":"closed","template":"","meta":{"_monsterinsights_skip_tracking":false,"_monsterinsights_sitenote_active":false,"_monsterinsights_sitenote_note":"","_monsterinsights_sitenote_category":0,"_uf_show_specific_survey":0,"_uf_disable_surveys":false,"ngg_post_thumbnail":0,"footnotes":""},"class_list":["post-1362","page","type-page","status-publish","hentry","nodate","item-wrap"],"post_mailing_queue_ids":[],"_links":{"self":[{"href":"https:\/\/ceippedrosanchezciruelo.catedu.es\/index.php?rest_route=\/wp\/v2\/pages\/1362","targetHints":{"allow":["GET"]}}],"collection":[{"href":"https:\/\/ceippedrosanchezciruelo.catedu.es\/index.php?rest_route=\/wp\/v2\/pages"}],"about":[{"href":"https:\/\/ceippedrosanchezciruelo.catedu.es\/index.php?rest_route=\/wp\/v2\/types\/page"}],"author":[{"embeddable":true,"href":"https:\/\/ceippedrosanchezciruelo.catedu.es\/index.php?rest_route=\/wp\/v2\/users\/237"}],"replies":[{"embeddable":true,"href":"https:\/\/ceippedrosanchezciruelo.catedu.es\/index.php?rest_route=%2Fwp%2Fv2%2Fcomments&post=1362"}],"version-history":[{"count":16,"href":"https:\/\/ceippedrosanchezciruelo.catedu.es\/index.php?rest_route=\/wp\/v2\/pages\/1362\/revisions"}],"predecessor-version":[{"id":2845,"href":"https:\/\/ceippedrosanchezciruelo.catedu.es\/index.php?rest_route=\/wp\/v2\/pages\/1362\/revisions\/2845"}],"wp:attachment":[{"href":"https:\/\/ceippedrosanchezciruelo.catedu.es\/index.php?rest_route=%2Fwp%2Fv2%2Fmedia&parent=1362"}],"curies":[{"name":"wp","href":"https:\/\/api.w.org\/{rel}","templated":true}]}}